t c(r) = -r**3 + r**2 + 5*r + 107. What is the hundreds digit of c(-6)?
3
Let f(v) = 12*v - 19. Let h be f(8). Suppose -3*o - h = -503. What is the units digit of o?
2
What is the units digit of 40/(-200) + (-2951)/(-5)?
0
Suppose -i = -3*i + 30. Suppose h - 23 = 2. What is the units digit of i/6*220/h?
2
Let p be 48/21 - (-14)/(-49). Suppose -20 = -p*f + 16. Suppose -n + f = -4. What is the units digit of n?
2
Let o(n) = -n**3 + 22. Let a(i) = i + 7. Let f be a(-3). Suppose 3*r + 8 = -2*u - 2*u, 0 = 3*r + 2*u + f. What is the units digit of o(r)?
2
Let f(l) = 424*l**2 + 19*l + 20. What is the units digit of f(-1)?
5
Suppose 9*a + 125 = 10*a. Suppose 231 = -y - 2*y. Let t = y + a. What is the tens digit of t?
4
Let m(v) = -v**3 - v**2 + v - 12. Let p(y) = -2*y**3 - y**2 + 3*y - 24. Let x(a) = 7*m(a) - 3*p(a). What is the tens digit of x(-6)?
7
Let r(b) = -b**3 - 2*b + 2. Let t be r(0). What is the tens digit of 1*(1 - t)*-17?
1
Let z(h) be the third derivative of -13*h**6/120 + h**5/60 + h**4/24 - h**3/6 - 6*h**2. What is the hundreds digit of z(-2)?
1
Suppose 4*d = -h + 17, 5*h - 153 = -3*d - 0. Suppose -3*z = 24 - h. What is the units digit of z?
3
Suppose 0 = -4*p - 0*p. Suppose -4*z - 4 = -p*z - 2*x, 1 = -3*z + x. Let v = z - -21. What is the tens digit of v?
2
Suppose -10*p = -14*p + 832. What is the tens digit of p?
0
Let l(x) = 2*x + 95. Let v be l(-31). Let h(q) = q**3 - q**2 + 3. Let d be h(0). Suppose -d*p + v = -36. What is the units digit of p?
3
Let n(b) be the first derivative of b**3 + 6*b**2 - 29*b - 34. What is the hundreds digit of n(-11)?
2
Let h = -52 - -48. What is the units digit of (((-3108)/18)/(-7))/(h/(-6))?
7
Suppose 4*b = 4*p - 756, 741 = -p + 5*p - b. What is the units digit of p?
4
What is the units digit of 96968/(-340)*(-15)/2?
9
Let y(i) = i**2 + 2*i - 1. Let x be y(4). Let h = x - -38. What is the tens digit of h?
6
Suppose 209 + 19 = 5*k - 3*z, 4*k - 177 = -3*z. Let r = k + -4. What is the tens digit of r?
4
Let u be 2/(4*(-2)/(-116)). Suppose -75 - u = -4*b. Let g = b - -13. What is the units digit of g?
9
Suppose -5*z + b + 1936 = 5*b, 780 = 2*z + 3*b. Let v = 607 - z. What is the hundreds digit of v?
2
Let w(v) = v**2 + v - 1. Let o be w(-3). Let y = 105 + -83. Suppose -j + y = -o*b, -5*j = 3*b - 41 - 13. What is the tens digit of j?
1
Suppose 2*v + 92 = p, -3*p + 179 = 3*v - 133. What is the units digit of p?
0
Let i(r) = -r**3 + 9*r**2 - 8*r + 1. Let n be i(8). What is the tens digit of (n + (0 - -86))/(-1 + 2)?
8
Let s be -1 + -3*(3 - 4). Let u = s - -2. Suppose u = -3*o + 64. What is the units digit of o?
0
Let r be -2*(60/(-8))/3. Suppose -55 + 500 = r*h. What is the tens digit of h?
8
Let u = 4989 + -2196. What is the hundreds digit of u?
7
Let l = -1107 - -1948. What is the hundreds digit of l?
8
What is the hundreds digit of (-6)/((-72)/363)*(-48)/(-3)?
4
Suppose -4*v = 3*l - 1165 + 323, 205 = v - 2*l. What is the hundreds digit of v?
2
Suppose -r = u - 2*r - 5, -4*u - 2*r + 20 = 0. Suppose -u*g = 3*h - 24, 0 = -g - g + 4*h - 6. What is the units digit of 32 - (0/g)/(-1)?
2
Let l = -14 + 6. Let n = l + 11. What is the tens digit of 64/3 + 2/n?
2
Let k = -32 + 37. Suppose -4*o - k*c = -359, 0*c + c = 2*o - 183. What is the units digit of o?
1
Let d(o) be the second derivative of 31*o**3/6 - 2*o**2 - 7*o. Let g be d(5). Let h = g - 80. What is the tens digit of h?
7
Let k = 350 + 674. What is the tens digit of k?
2
What is the tens digit of 1160712/980 + 3/5 + -1?
8
Suppose -29*v = -2466 - 8438. What is the units digit of v?
6
Let v = 6 - 7. What is the units digit of (v - -4)/((-60)/(-100))?
5
Let h(m) = 3*m**2 - 4*m + 46. What is the units digit of h(7)?
5
Let d = 7506 - 3157. What is the hundreds digit of d?
3
Let x be ((-22)/(-2) + -1)/(-1). Let k = 8 + x. What is the tens digit of (-3 + (35 - k))/2?
1
Let b(n) = 94*n**3 - 4*n**2 + 11*n - 3. What is the units digit of b(2)?
5
Suppose 4*n - u = u + 3218, 5*n = 4*u + 4018. What is the hundreds digit of n?
8
Let c(j) = -2*j**2 + 4*j + 11. Let b be c(6). Let d = b + 73. What is the tens digit of d?
3
Let k(c) = -12*c + 8. Let t be k(-5). Let d = t - 35. Let w = -19 + d. What is the units digit of w?
4
Let v = -2087 - -601. What is the units digit of (-3)/5 + (-7)/(70/v)?
8
Let w(b) = 5*b**2 - 3 - 5 + 5 + 3*b + 2. Suppose -10 = -3*p - 2*d + 3*d, 0 = -2*p + 5*d + 24. What is the units digit of w(p)?
5
Suppose f - 8246 = -18*f. What is the units digit of f?
4
Let t be 17240/32 + -1*(-6)/(-8). Suppose -5*x + 152 = -t. What is the units digit of x?
8
Let f = 8 - 5. Let b be (2/3)/(f/18). Suppose 14 + 14 = b*q. What is the units digit of q?
7
Suppose 3*l + 4*y - 14721 = 0, -2*l + 31*y = 28*y - 9797. What is the units digit of l?
3
What is the units digit of (6/(-15))/(11/(-57640))?
6
What is the tens digit of 9 - -37*(28 + -9)?
1
Let v(x) = 2 - x - 2 - 2 + 0. Let j be v(7). Let p = j + 17. What is the units digit of p?
8
Let r(g) = g**3 - g**2 + g + 15. Let w be r(0). Let u = w - -52. What is the units digit of u?
7
Let a = -1000 + 1741. What is the hundreds digit of a?
7
Suppose -3*t = 0, -2*t + t = -4*j - 12. What is the hundreds digit of 4/(78/387*15 + j)?
1
Suppose 4*z = -2*w - 358, -w + 0*z - 191 = -2*z. Let o = -129 - w. What is the units digit of o?
6
Let r = 2 + 114. Suppose -2*y + 4*i = 2*y - r, -i = 5. What is the units digit of y?
4
What is the hundreds digit of 46*14/(252/45)?
1
Suppose -6 = 4*x - y - 2218, x + 4*y = 536. What is the tens digit of x?
5
Suppose 2216 = 5*w - 5*k + 771, 0 = -4*w - 4*k + 1188. What is the tens digit of w?
9
Suppose 4*g - 4*l + 12 = 0, 3*l - 2*l + 13 = -g. Let v = 29 - g. What is the tens digit of v?
3
Let s = 24 + -24. Suppose -4*k + 6*k - 20 = s. Suppose 52 + k = 2*l. What is the tens digit of l?
3
Suppose 15 = 3*u, 0 = 2*w - 0*w - 2*u - 966. Suppose -w = -5*i - 143. What is the tens digit of i?
6
Suppose 13*w - 1150 = -2*f + 9*w, -2*w - 1120 = -2*f. What is the units digit of f?
5
Suppose -439 - 596 = -5*q. What is the hundreds digit of q?
2
Suppose 4*s - 20652 = -1256. What is the tens digit of s?
4
Suppose 6*k - k - 45 = -2*n, 0 = n + 3*k - 21. Suppose n = -17*v + 20*v. What is the units digit of v?
0
Let t(z) = -z**2 + 11*z - 14. Let v be t(7). Let r = -19 + v. Let i = r + 35. What is the units digit of i?
0
Suppose -18 = 16*h - 14*h. Let u be (33/h*-3)/1. Let y = u - 6. What is the units digit of y?
5
Let y = -576 - -1815. What is the units digit of y?
9
Suppose 19*m - 22*m - 5*d = -408, 5*d + 156 = m. What is the tens digit of m?
4
Suppose 0 = 3*a - 49 - 86. Let w = a + 121. What is the hundreds digit of w?
1
Let t(l) = l**2 - 8*l + 7. Let w be t(7). Suppose w = 2*i - i - 30. Suppose i + 10 = 5*y. What is the units digit of y?
8
Suppose -21*b = -37*b + 2944. What is the hundreds digit of b?
1
Let m be 4/10 - (-28)/(-20). Suppose 0 = -3*p + 4*f + 18 + 13, f + 28 = 3*p. What is the units digit of (m + -137)*(-3)/p?
6
Suppose 14*i - 2*i = 5436. What is the tens digit of i?
5
Let u be (-50)/(-10) + (-6)/2. Suppose 83 = 2*g + 3*r - 204, -3*g + 438 = u*r. What is the tens digit of g?
4
Let c = 19 + -13. Let x = c - -4. What is the tens digit of x?
1
Let j(h) = -h**2 + 8*h + 14. Let g be j(7). Suppose -2*q + g = -25. What is the tens digit of q?
2
Let l = 10 + -17. Let t = l + 0. Let f(m) = m**3 + 6*m**2 - 8*m. What is the units digit of f(t)?
7
Let k(g) = -g**3 + g**2 + 7. Let n be k(0). What is the hundreds digit of (n - -29)*(-16)/(-3)?
1
Let i = -5 + 10. Let c(n) be the first derivative of n**3 - 5*n**2/2 - 5*n - 67. What is the tens digit of c(i)?
4
Let s = 23 - 16. Let a be 56/16*24/s. Suppose -o = o - a. What is the units digit of o?
6
What is the thousands digit of (2478/(-63))/(1/(-36))?
1
What is the tens digit of 8/(-8) - (2 + -425)?
2
Let c = -1881 - -2690. What is the tens digit of c?
0
Suppose -20 = 4*a, -2*v = -0*v + a - 1459. What is the hundreds digit of v?
7
Let y(d) = 5*d - 3*d + 1 - d - 6*d. What is the tens digit of y(-6)?
3
Suppose -5*l - 1611 + 6106 = 5*n, 0 = -n + 5*l + 905. What is the tens digit of n?
0
Let s be 220/25*(-5)/(-2). Let i = 26 - s. What is the units digit of i/(-6) - (-77)/3?
5
Let n(l) = l**2 - 13*l - 72. What is the units digit of n(26)?
6
Let f be -6 - (-1 - (-8)/(-4)